 - 2*p + 76, r = -3*p + 120. What is the units digit of r?
6
Let j(u) be the third derivative of 2*u**5/3 + 5*u**4/24 + 49*u**3/6 - 17*u**2 - 3. What is the thousands digit of j(-5)?
1
Let s be ((-126)/(-24))/(15/200). What is the hundreds digit of (-3036)/(-7) + 4/s*5?
4
Let k = -1797 + 1957. What is the units digit of k?
0
Suppose -1218 = 6*a - 7*a. What is the tens digit of a?
1
Suppose -309*y - 15524520 = -1069*y. What is the units digit of y?
7
Let o be (2822/6 - -1) + 90/(-270). What is the units digit of 10 + -4 + -12 + 1*o?
5
What is the hundreds digit of ((-236)/177)/((-4)/21654*3)?
4
Suppose v + 6*v = 11095. Suppose 4*n + 2*t - 1582 = 0, n - 5*n - 3*t + v = 0. What is the tens digit of n?
9
Suppose -2*n - 34 = -5*b, -n = 5*b - 5*n - 28. What is the tens digit of (-2)/((3/(-4))/(1059/b))?
5
What is the hundreds digit of (-36)/(-20)*86215/129?
2
Let v be ((86/3)/(-2))/((-2)/6). Let u = 48 - v. Suppose -4*s = -4*t + 284, s - 223 = -u*t + 162. What is the units digit of t?
6
Suppose 47*d + 452 = 51*d. Suppose -131 = 4*z + d. Let p = 122 + z. What is the units digit of p?
1
Suppose -17*j - 92*j = -1051632. What is the tens digit of j?
4
Let i(k) = -6*k - 12. Let r be i(-7). Suppose -5 = 27*q - 28*q, 105 = -3*v - 3*q. What is the units digit of ((-4)/v*52)/(3/r)?
2
Let w(x) be the first derivative of 9*x**3 - 3*x**2 + 6*x - 7. What is the units digit of w(4)?
4
What is the hundreds digit of 77022/14 + (5*1 - 1989/357)?
5
Let l(p) be the third derivative of p**6/60 + 17*p**5/30 - 17*p**4/12 - p**3 + 3*p**2 - p. What is the thousands digit of l(-16)?
1
Let y be (1*2994/(-12))/(1/(-2)). Let g = y + -254. What is the tens digit of g?
4
Let w(n) = 79*n**2 + 251*n - 5453. What is the hundreds digit of w(20)?
1
Suppose 0 = 26*x - 30804 - 18284. What is the tens digit of x?
8
Let s(v) = -5*v**2 - 28*v - 12. Let k be s(-5). Suppose 5*w + k*y - 765 = 0, -4*w + 551 = 4*y - 69. What is the tens digit of w?
5
Let y(u) = -101*u + 27. Let l(d) = -d**3 + 27*d**2 - d + 17. Let w be l(27). What is the thousands digit of y(w)?
1
Let q = 60 - 84. Let m be (0 - 1)/(6/q). Suppose m*n + 0*n = 88. What is the units digit of n?
2
Let k = 11651 + 2561. What is the hundreds digit of k?
2
Let k(c) = 6*c**2 - 20*c - 8. Let u be (1/1)/(-2 + 216/104). What is the units digit of k(u)?
6
Let r(j) = -3*j**3 + 4*j**2 + 5*j + 2. Let v be r(4). Suppose -5*m + 2*k = -883, -36*m + 4*k = -41*m + 889. Let d = v + m. What is the tens digit of d?
7
Suppose 156*r - 162*r + 18 = 0. Suppose -3220 = -5*c - 4*w, r*c + 10*w - 12*w = 1910. What is the units digit of c?
0
Let d(c) = -11*c**3 - 44*c**2 + 5*c + 111. What is the thousands digit of d(-11)?
9
Let j be (-1848)/5*10/(-3). Suppose -15*n = -11*n - j. What is the hundreds digit of n?
3
Let m(o) = o**3 + 34*o**2 - 45*o + 69. What is the hundreds digit of m(-18)?
0
Let h = -88 - -88. Suppose -9*s - 2147 = -4*j - 4*s, -2*j + 4*s + 1066 = h. What is the hundreds digit of j?
5
Let s be (12/10)/(6/20). Suppose -2*b = -s*y + 4, y - 5*b = -2 + 3. What is the units digit of (y + 92)*2/3?
2
Suppose -19*k + 17318 = -1742 - 12651. What is the units digit of k?
9
What is the tens digit of (-2607)/(-3476) + (11/2)/((-4)/(-19006))?
3
Let o = -53495 - -75479. What is the units digit of o?
4
Let b(r) = 1340*r**2 - 125*r - 702. What is the thousands digit of b(-6)?
8
Let n(p) = -2*p**3 + 16*p**2 + 75*p + 30. Let m(q) = q**3 - 8*q**2 - 38*q - 15. Let g(t) = -5*m(t) - 2*n(t). What is the hundreds digit of g(9)?
2
Let l be (20 - -10)*(4/(-5))/(-1). Let t be (3 - 5) + 0 + l/6. What is the units digit of (-126)/(-35)*(t + 33)?
6
Suppose -12*t + 37019 = -9*t - 5*f, -61688 = -5*t - 2*f. What is the tens digit of t?
3
Suppose -14474 = -d - 2*v, 38*v - 35*v - 57886 = -4*d. What is the thousands digit of d?
4
Suppose -2*x - 28 = 2*a - 11038, 15 = -3*a. What is the tens digit of x?
1
Suppose -83*f - 17551 = -87*f + 5*p, 21929 = 5*f - 3*p. What is the hundreds digit of f?
3
Suppose -11*m - 2674 = -18*m. Let v = -153 + m. What is the tens digit of v?
2
What is the units digit of 7*5*312922/679?
0
Let q(y) = -56*y - 5. Let r(h) = 7*h - 27. Let k be r(3). What is the units digit of q(k)?
1
Suppose -38*m = -39*m - 111. Let z = 108 + m. What is the units digit of z/5 - (-7128)/30 - 1?
6
Suppose 0 = b - 2, -4*o + 5*b + 5049 = -145. Suppose o = 3*w + 2*n - 489, 0 = 3*w - 4*n - 1802. What is the tens digit of w?
9
Let j(c) = 5*c - 14. Let i be (4/(-2))/(9/(-18)). Let g be j(i). Let f(d) = 4*d**2 + 14*d - 38. What is the hundreds digit of f(g)?
1
Suppose 19 = -5*o + 34. What is the units digit of 1/(-3)*o + 773 + -1?
1
Let a(u) be the first derivative of u**3/3 - 3*u**2 - 25*u - 63. What is the tens digit of a(-11)?
6
Suppose -14*o + 27*o + 21*o = 2341036. What is the thousands digit of o?
8
Suppose 9*m - 7*m = -562. Let k = m - -645. Suppose -3*o - 476 = -4*l + o, -4*o + k = 3*l. What is the tens digit of l?
2
Let u(i) = -95*i**3 - 15*i**2 - 61*i + 18. What is the hundreds digit of u(-6)?
3
Suppose 5*y = o - 3469, o - 970 = -y + 2481. What is the hundreds digit of o?
4
Let i be -639 + 2 - 22/11. What is the hundreds digit of ((-2)/5)/((-6)/i)*-10?
4
Let p be 2/(-3) - 20398/(-42). Let o = p + -239. Suppose 0 = -13*v + 53 + o. What is the units digit of v?
3
Let i(u) = 29*u + 14. Let w be (-306)/(-90) + 2/(-5). Let d(p) = -59*p - 27. Let z(a) = w*d(a) + 5*i(a). What is the tens digit of z(-3)?
8
Suppose -27*l = 8*l - 782537 - 170723. What is the tens digit of l?
3
Let x = -100 - -107. Let d(n) = -98*n**3 - n**2 + 4*n + 3. Let t be d(-2). Suppose -x*f = -t + 82. What is the tens digit of f?
9
Suppose -321*l + 259*l + 341000 = 0. What is the hundreds digit of l?
5
Suppose -3*o - v = -70799, -4*o + 4*v + 0*v = -94388. What is the units digit of o?
9
Let r = 5966 - -9289. What is the hundreds digit of r?
2
Suppose -51*o + 1636929 = 12*o. What is the hundreds digit of o?
9
Suppose 0*f + 8 = 2*f - 4*g, -3*g + 8 = -5*f. Let c be ((-3)/48*-4)/((-1)/f). What is the units digit of 12 - (-3)/(4 - c)?
3
Let f = 35760 + -22693. What is the tens digit of f?
6
Let h(i) = -2*i**2 + 181*i + 28301. What is the units digit of h(0)?
1
Let f = -26728 - -40300. What is the hundreds digit of f?
5
What is the tens digit of (-4585)/15*510/(-119)?
1
Let g = 114 + 93. What is the tens digit of (g/27 - 9)*954/(-4)?
1
Let f(h) = -h**2 - 5*h + 18. Let g be f(7). Let z = -67 - g. What is the tens digit of (0 + z)*(2 + 0) - -49?
4
Suppose 74*h - 70*h + 3352 = 0. Let k = h - -1550. What is the tens digit of k?
1
Let z(s) = s**3 + s**2 - s - 2. Let l be z(0). Let w be (-6)/((-12)/(-56)*l). Suppose d + 6 = -5*r, -3*d + 4*d + r - w = 0. What is the tens digit of d?
1
Suppose 4*q - g - 46 = 0, 0 = 3*q - q - 5*g - 14. Suppose 0 = -q*s - 209 + 1265. What is the tens digit of s?
8
Let v = 21 + -19. Let m(l) = -2*l. Let r be m(v). What is the tens digit of (166/(-3))/(r/6)?
8
Let o(w) = 4*w - 1. Let v be o(4). Let m be (-66)/(-15) + (-6)/v. Suppose -15 - 5 = -p + 3*c, -3*c = -m*p + 53. What is the units digit of p?
1
Let v(p) = -28*p - 29. Let x be v(3). Let w = x - -284. What is the units digit of w?
1
Let w = -153 + 56. Let b = w + 11. Let o = b + 194. What is the tens digit of o?
0
Suppose 55*p + 940 = 75*p. Let r be (-27)/(-15)*(7 - 2). Let k = r + p. What is the units digit of k?
6
Let m(b) be the first derivative of -b**4/4 + 2*b**3 + 9*b**2/2 + 5*b + 312. Suppose 2*i = -0*i + 14. What is the units digit of m(i)?
9
Let k(i) = -i**3 + 68*i**2 + 94*i + 1677. What is the hundreds digit of k(57)?
7
Let a(d) = 13*d**2 + 96*d + 67. What is the tens digit of a(-20)?
4
Let b(l) = 9*l - 32. Let a be b(7). Let s = a - 28. Suppose -s*h + 198 = -h. What is the units digit of h?
9
Let g(o) = -1771*o - 3412. What is the units digit of g(-5)?
3
Suppose 317 = 4*s - 3*d, -d = -4*s + 3*d + 312. Let z be -5 + 17 + -11 - (-8)/2. Suppose -4*g - f = -s, -4*g + z*g - 4*f = 8. What is the tens digit of g?
2
Suppose u - 7740 = 3*g, 3*g + 18743 = 4*u - 12280. What is the units digit of u?
1
Suppose 3 = -j + 12. Suppose 0 = 3*c - 141 + 81. Let o = c + j. What is the units digit of o?
9
Let u = -169 - -171. Suppose 0 = 5*q + u*y - 761, 3*y + 746 = 5*q - 0*y. What is the hundreds digit of q?
1
Let j(x) = 31*x - 40. Let q be j(1).